{"id":330,"date":"2018-09-06T12:24:54","date_gmt":"2018-09-06T10:24:54","guid":{"rendered":"https:\/\/www.basetis.com\/?page_id=330"},"modified":"2024-04-03T16:26:30","modified_gmt":"2024-04-03T14:26:30","slug":"politica-de-calidad","status":"publish","type":"page","link":"https:\/\/www.basetis.com\/es\/politica-de-calidad\/","title":{"rendered":"Pol\u00edtica de calidad"},"content":{"rendered":"<h1>Pol\u00edtica de calidad<\/h1>\n<p><span style=\"font-weight: 400;\">Esta es la declaraci\u00f3n del \u00e1rea de Global de Basetis frente a todos los grupos de inter\u00e9s de la organizaci\u00f3n, tanto internos como externos, donde expresamos nuestro compromiso de desarrollar la misi\u00f3n de Basetis de la forma m\u00e1s beneficiosa para todas y todos.<\/span><\/p>\n<p><span style=\"font-weight: 400;\">Esta pol\u00edtica se revisa peri\u00f3dicamente para adecuarla a la realidad cambiante de la organizaci\u00f3n, sirviendo como referente de las intenciones y actuaciones de todos.<\/span><\/p>\n<p>&nbsp;<\/p>\n<h2>Declaraci\u00f3n<\/h2>\n<p><span style=\"font-weight: 400;\">Bajo el nombre Basetis trabajamos un grupo de personas profesionales del sector de los servicios de las Tecnolog\u00edas de la Informaci\u00f3n. Desde el 2009 ofrecemos nuestros servicios en este \u00e1mbito a multitud de clientes.<\/span><\/p>\n<p><span style=\"font-weight: 400;\">La <\/span><b>confianza <\/b><span style=\"font-weight: 400;\">es el valor fundamental en que se sustentan nuestras relaciones interpersonales y, por lo tanto, nuestra compa\u00f1\u00eda. Nuestro deseo es lograr las m\u00e1ximas cotas de confianza con todos los agentes que intervienen en nuestros servicios: las personas que la formamos, los clientes, los proveedores de dichos clientes, nuestros proveedores, nuestro entorno, la sociedad, etc. <\/span><\/p>\n<p><span style=\"font-weight: 400;\">Las bases con las que queremos generar el sentimiento de confianza son las siguientes:<\/span><\/p>\n<p>&nbsp;<\/p>\n<h3><b>Entre las personas que trabajamos en Basetis<\/b><\/h3>\n<ul>\n<li style=\"font-weight: 400;\"><span style=\"font-weight: 400;\">La <\/span><b>autogesti\u00f3n<\/b><span style=\"font-weight: 400;\">, es decir, que la toma de decisiones, debe estar lo m\u00e1s cercana posible al entorno al cual impacta. Para decidir es necesario tener la m\u00e1xima informaci\u00f3n posible (obteni\u00e9ndola de las personas con m\u00e1s conocimientos si fuera necesario) y conocer la opini\u00f3n de las personas a las que impactar\u00e1 dicha decisi\u00f3n. Creemos que con esas premisas todas podemos tomar buenas decisiones. <\/span><\/li>\n<li style=\"font-weight: 400;\"><span style=\"font-weight: 400;\">La <\/span><b>completitud<\/b><span style=\"font-weight: 400;\">, es decir, que debemos crear un entorno donde podamos mostrarnos tal y como somos, y al mismo tiempo mejorarnos en todas nuestras vertientes, incluyendo la personal y la profesional.<\/span><\/li>\n<li style=\"font-weight: 400;\"><span style=\"font-weight: 400;\">La <\/span><b>transparencia<\/b><span style=\"font-weight: 400;\">, es decir, permitiendo que el m\u00e1ximo de la informaci\u00f3n de la compa\u00f1\u00eda est\u00e9 al alcance de todas las personas que la formamos.<\/span><\/li>\n<\/ul>\n<p>&nbsp;<\/p>\n<h3>Con nuestros clientes<\/h3>\n<ul>\n<li style=\"font-weight: 400;\"><span style=\"font-weight: 400;\">La <\/span><b>proximidad<\/b><span style=\"font-weight: 400;\">, es decir, estando cerca de ellos siempre que esto sea posible.<\/span><\/li>\n<li style=\"font-weight: 400;\"><span style=\"font-weight: 400;\">La <\/span><b>transparencia<\/b><span style=\"font-weight: 400;\">, es decir, basando nuestra comunicaci\u00f3n con el cliente en la sinceridad y la claridad.<\/span><\/li>\n<li style=\"font-weight: 400;\"><span style=\"font-weight: 400;\">La <\/span><b>calidad<\/b><span style=\"font-weight: 400;\">, es decir, adapt\u00e1ndonos de la forma m\u00e1s \u00f3ptima posible a los requerimientos de los servicios que nos solicitan.<\/span><\/li>\n<\/ul>\n<p>&nbsp;<\/p>\n<h3>Con nuestro entorno y la sociedad en general<\/h3>\n<ul>\n<li style=\"font-weight: 400;\"><span style=\"font-weight: 400;\">El <\/span><b>bien com\u00fan<\/b><span style=\"font-weight: 400;\">, es decir, trabajar para fortalecer la dignidad humana, la solidaridad, la sostenibilidad ecol\u00f3gica, la justicia social, la participaci\u00f3n democr\u00e1tica y la transparencia. Potenciar la cooperaci\u00f3n por encima de la competencia, el bien de todas las personas por encima del af\u00e1n de lucro, la transformaci\u00f3n que requiere nuestra sociedad.<\/span><\/li>\n<\/ul>\n<p>&nbsp;<\/p>\n<h4><span style=\"font-weight: 400;\">Estos son nuestros valores b\u00e1sicos, que queremos que sean comunicados, evaluados y mejorados de forma continua e innovadora por todas las personas que los comparten.<\/span><\/h4>\n","protected":false},"excerpt":{"rendered":"<p>Pol\u00edtica de calidad Esta es la declaraci\u00f3n del \u00e1rea de Global de Basetis frente a todos los grupos de inter\u00e9s de la organizaci\u00f3n, tanto internos como externos, donde expresamos nuestro comprom","protected":false},"author":2,"featured_media":0,"parent":0,"menu_order":0,"comment_status":"closed","ping_status":"closed","template":"","meta":{"_acf_changed":false,"inline_featured_image":false,"footnotes":""},"class_list":["post-330","page","type-page","status-publish","format-standard","hentry"],"acf":[],"yoast_head":"<!-- This site is optimized with the Yoast SEO plugin v27.2 - https:\/\/yoast.com\/product\/yoast-seo-wordpress\/ -->\n<title>Pol\u00edtica de calidad - Basetis<\/title>\n<meta name=\"description\" content=\"Declaraci\u00f3n de Basetis frente a todos su grupos de inter\u00e9s en que, desde la empresa, expresamos nuestro compromiso con el desarrollo de nuestra misi\u00f3n.\" \/>\n<meta name=\"robots\" content=\"noindex, nofollow\" \/>\n<meta property=\"og:locale\" content=\"es_ES\" \/>\n<meta property=\"og:type\" content=\"article\" \/>\n<meta property=\"og:title\" content=\"Pol\u00edtica de calidad - Basetis\" \/>\n<meta property=\"og:description\" content=\"Declaraci\u00f3n de Basetis frente a todos su grupos de inter\u00e9s en que, desde la empresa, expresamos nuestro compromiso con el desarrollo de nuestra misi\u00f3n.\" \/>\n<meta property=\"og:url\" content=\"https:\/\/www.basetis.com\/es\/politica-de-calidad\/\" \/>\n<meta property=\"og:site_name\" content=\"Basetis\" \/>\n<meta property=\"article:publisher\" content=\"https:\/\/www.facebook.com\/BasetisBCN\/\" \/>\n<meta property=\"article:modified_time\" content=\"2024-04-03T14:26:30+00:00\" \/>\n<meta name=\"twitter:card\" content=\"summary_large_image\" \/>\n<meta name=\"twitter:site\" content=\"@Basetis\" \/>\n<meta name=\"twitter:label1\" content=\"Tiempo de lectura\" \/>\n\t<meta name=\"twitter:data1\" content=\"2 minutos\" \/>\n<script type=\"application\/ld+json\" class=\"yoast-schema-graph\">{\"@context\":\"https:\/\/schema.org\",\"@graph\":[{\"@type\":\"WebPage\",\"@id\":\"https:\/\/www.basetis.com\/es\/politica-de-calidad\/\",\"url\":\"https:\/\/www.basetis.com\/es\/politica-de-calidad\/\",\"name\":\"Pol\u00edtica de calidad - Basetis\",\"isPartOf\":{\"@id\":\"https:\/\/www.basetis.com\/#website\"},\"datePublished\":\"2018-09-06T10:24:54+00:00\",\"dateModified\":\"2024-04-03T14:26:30+00:00\",\"description\":\"Declaraci\u00f3n de Basetis frente a todos su grupos de inter\u00e9s en que, desde la empresa, expresamos nuestro compromiso con el desarrollo de nuestra misi\u00f3n.\",\"inLanguage\":\"es\",\"potentialAction\":[{\"@type\":\"ReadAction\",\"target\":[\"https:\/\/www.basetis.com\/es\/politica-de-calidad\/\"]}]},{\"@type\":\"WebSite\",\"@id\":\"https:\/\/www.basetis.com\/#website\",\"url\":\"https:\/\/www.basetis.com\/\",\"name\":\"Basetis\",\"description\":\"Un equipo de personas comprometidas que realizamos servicios tecnol\u00f3gicos y de consultor\u00eda.\",\"publisher\":{\"@id\":\"https:\/\/www.basetis.com\/#organization\"},\"potentialAction\":[{\"@type\":\"SearchAction\",\"target\":{\"@type\":\"EntryPoint\",\"urlTemplate\":\"https:\/\/www.basetis.com\/?s={search_term_string}\"},\"query-input\":{\"@type\":\"PropertyValueSpecification\",\"valueRequired\":true,\"valueName\":\"search_term_string\"}}],\"inLanguage\":\"es\"},{\"@type\":\"Organization\",\"@id\":\"https:\/\/www.basetis.com\/#organization\",\"name\":\"Basetis\",\"url\":\"https:\/\/www.basetis.com\/\",\"logo\":{\"@type\":\"ImageObject\",\"inLanguage\":\"es\",\"@id\":\"https:\/\/www.basetis.com\/#\/schema\/logo\/image\/\",\"url\":\"https:\/\/www.basetis.com\/wp-content\/uploads\/2018\/11\/Basetis_Logotipo.svg\",\"contentUrl\":\"https:\/\/www.basetis.com\/wp-content\/uploads\/2018\/11\/Basetis_Logotipo.svg\",\"caption\":\"Basetis\"},\"image\":{\"@id\":\"https:\/\/www.basetis.com\/#\/schema\/logo\/image\/\"},\"sameAs\":[\"https:\/\/www.facebook.com\/BasetisBCN\/\",\"https:\/\/x.com\/Basetis\",\"https:\/\/www.linkedin.com\/company\/basetis\",\"https:\/\/www.instagram.com\/basetisbcn\/\",\"https:\/\/www.youtube.com\/@basetisBCN\"]}]}<\/script>\n<!-- \/ Yoast SEO plugin. -->","yoast_head_json":{"title":"Pol\u00edtica de calidad - Basetis","description":"Declaraci\u00f3n de Basetis frente a todos su grupos de inter\u00e9s en que, desde la empresa, expresamos nuestro compromiso con el desarrollo de nuestra misi\u00f3n.","robots":{"index":"noindex","follow":"nofollow"},"og_locale":"es_ES","og_type":"article","og_title":"Pol\u00edtica de calidad - Basetis","og_description":"Declaraci\u00f3n de Basetis frente a todos su grupos de inter\u00e9s en que, desde la empresa, expresamos nuestro compromiso con el desarrollo de nuestra misi\u00f3n.","og_url":"https:\/\/www.basetis.com\/es\/politica-de-calidad\/","og_site_name":"Basetis","article_publisher":"https:\/\/www.facebook.com\/BasetisBCN\/","article_modified_time":"2024-04-03T14:26:30+00:00","twitter_card":"summary_large_image","twitter_site":"@Basetis","twitter_misc":{"Tiempo de lectura":"2 minutos"},"schema":{"@context":"https:\/\/schema.org","@graph":[{"@type":"WebPage","@id":"https:\/\/www.basetis.com\/es\/politica-de-calidad\/","url":"https:\/\/www.basetis.com\/es\/politica-de-calidad\/","name":"Pol\u00edtica de calidad - Basetis","isPartOf":{"@id":"https:\/\/www.basetis.com\/#website"},"datePublished":"2018-09-06T10:24:54+00:00","dateModified":"2024-04-03T14:26:30+00:00","description":"Declaraci\u00f3n de Basetis frente a todos su grupos de inter\u00e9s en que, desde la empresa, expresamos nuestro compromiso con el desarrollo de nuestra misi\u00f3n.","inLanguage":"es","potentialAction":[{"@type":"ReadAction","target":["https:\/\/www.basetis.com\/es\/politica-de-calidad\/"]}]},{"@type":"WebSite","@id":"https:\/\/www.basetis.com\/#website","url":"https:\/\/www.basetis.com\/","name":"Basetis","description":"Un equipo de personas comprometidas que realizamos servicios tecnol\u00f3gicos y de consultor\u00eda.","publisher":{"@id":"https:\/\/www.basetis.com\/#organization"},"potentialAction":[{"@type":"SearchAction","target":{"@type":"EntryPoint","urlTemplate":"https:\/\/www.basetis.com\/?s={search_term_string}"},"query-input":{"@type":"PropertyValueSpecification","valueRequired":true,"valueName":"search_term_string"}}],"inLanguage":"es"},{"@type":"Organization","@id":"https:\/\/www.basetis.com\/#organization","name":"Basetis","url":"https:\/\/www.basetis.com\/","logo":{"@type":"ImageObject","inLanguage":"es","@id":"https:\/\/www.basetis.com\/#\/schema\/logo\/image\/","url":"https:\/\/www.basetis.com\/wp-content\/uploads\/2018\/11\/Basetis_Logotipo.svg","contentUrl":"https:\/\/www.basetis.com\/wp-content\/uploads\/2018\/11\/Basetis_Logotipo.svg","caption":"Basetis"},"image":{"@id":"https:\/\/www.basetis.com\/#\/schema\/logo\/image\/"},"sameAs":["https:\/\/www.facebook.com\/BasetisBCN\/","https:\/\/x.com\/Basetis","https:\/\/www.linkedin.com\/company\/basetis","https:\/\/www.instagram.com\/basetisbcn\/","https:\/\/www.youtube.com\/@basetisBCN"]}]}},"_links":{"self":[{"href":"https:\/\/www.basetis.com\/es\/wp-json\/wp\/v2\/pages\/330","targetHints":{"allow":["GET"]}}],"collection":[{"href":"https:\/\/www.basetis.com\/es\/wp-json\/wp\/v2\/pages"}],"about":[{"href":"https:\/\/www.basetis.com\/es\/wp-json\/wp\/v2\/types\/page"}],"author":[{"embeddable":true,"href":"https:\/\/www.basetis.com\/es\/wp-json\/wp\/v2\/users\/2"}],"replies":[{"embeddable":true,"href":"https:\/\/www.basetis.com\/es\/wp-json\/wp\/v2\/comments?post=330"}],"version-history":[{"count":11,"href":"https:\/\/www.basetis.com\/es\/wp-json\/wp\/v2\/pages\/330\/revisions"}],"predecessor-version":[{"id":8194,"href":"https:\/\/www.basetis.com\/es\/wp-json\/wp\/v2\/pages\/330\/revisions\/8194"}],"wp:attachment":[{"href":"https:\/\/www.basetis.com\/es\/wp-json\/wp\/v2\/media?parent=330"}],"curies":[{"name":"wp","href":"https:\/\/api.w.org\/{rel}","templated":true}]}}

Política de calidad

<h1>Política de calidad</h1>
<p><span style="font-weight: 400;">Esta es la declaración del área de Global de Basetis frente a todos los grupos de interés de la organización, tanto internos como externos, donde expresamos nuestro compromiso de desarrollar la misión de Basetis de la forma más beneficiosa para todas y todos.</span></p>
<p><span style="font-weight: 400;">Esta política se revisa periódicamente para adecuarla a la realidad cambiante de la organización, sirviendo como referente de las intenciones y actuaciones de todos.</span></p>
<p>&nbsp;</p>
<h2>Declaración</h2>
<p><span style="font-weight: 400;">Bajo el nombre Basetis trabajamos un grupo de personas profesionales del sector de los servicios de las Tecnologías de la Información. Desde el 2009 ofrecemos nuestros servicios en este ámbito a multitud de clientes.</span></p>
<p><span style="font-weight: 400;">La </span><b>confianza </b><span style="font-weight: 400;">es el valor fundamental en que se sustentan nuestras relaciones interpersonales y, por lo tanto, nuestra compañía. Nuestro deseo es lograr las máximas cotas de confianza con todos los agentes que intervienen en nuestros servicios: las personas que la formamos, los clientes, los proveedores de dichos clientes, nuestros proveedores, nuestro entorno, la sociedad, etc. </span></p>
<p><span style="font-weight: 400;">Las bases con las que queremos generar el sentimiento de confianza son las siguientes:</span></p>
<p>&nbsp;</p>
<h3><b>Entre las personas que trabajamos en Basetis</b></h3>
<ul>
<li style="font-weight: 400;"><span style="font-weight: 400;">La </span><b>autogestión</b><span style="font-weight: 400;">, es decir, que la toma de decisiones, debe estar lo más cercana posible al entorno al cual impacta. Para decidir es necesario tener la máxima información posible (obteniéndola de las personas con más conocimientos si fuera necesario) y conocer la opinión de las personas a las que impactará dicha decisión. Creemos que con esas premisas todas podemos tomar buenas decisiones. </span></li>
<li style="font-weight: 400;"><span style="font-weight: 400;">La </span><b>completitud</b><span style="font-weight: 400;">, es decir, que debemos crear un entorno donde podamos mostrarnos tal y como somos, y al mismo tiempo mejorarnos en todas nuestras vertientes, incluyendo la personal y la profesional.</span></li>
<li style="font-weight: 400;"><span style="font-weight: 400;">La </span><b>transparencia</b><span style="font-weight: 400;">, es decir, permitiendo que el máximo de la información de la compañía esté al alcance de todas las personas que la formamos.</span></li>
</ul>
<p>&nbsp;</p>
<h3>Con nuestros clientes</h3>
<ul>
<li style="font-weight: 400;"><span style="font-weight: 400;">La </span><b>proximidad</b><span style="font-weight: 400;">, es decir, estando cerca de ellos siempre que esto sea posible.</span></li>
<li style="font-weight: 400;"><span style="font-weight: 400;">La </span><b>transparencia</b><span style="font-weight: 400;">, es decir, basando nuestra comunicación con el cliente en la sinceridad y la claridad.</span></li>
<li style="font-weight: 400;"><span style="font-weight: 400;">La </span><b>calidad</b><span style="font-weight: 400;">, es decir, adaptándonos de la forma más óptima posible a los requerimientos de los servicios que nos solicitan.</span></li>
</ul>
<p>&nbsp;</p>
<h3>Con nuestro entorno y la sociedad en general</h3>
<ul>
<li style="font-weight: 400;"><span style="font-weight: 400;">El </span><b>bien común</b><span style="font-weight: 400;">, es decir, trabajar para fortalecer la dignidad humana, la solidaridad, la sostenibilidad ecológica, la justicia social, la participación democrática y la transparencia. Potenciar la cooperación por encima de la competencia, el bien de todas las personas por encima del afán de lucro, la transformación que requiere nuestra sociedad.</span></li>
</ul>
<p>&nbsp;</p>
<h4><span style="font-weight: 400;">Estos son nuestros valores básicos, que queremos que sean comunicados, evaluados y mejorados de forma continua e innovadora por todas las personas que los comparten.</span></h4>

<p>Política de calidad Esta es la declaración del área de Global de Basetis frente a todos los grupos de interés de la organización, tanto internos como externos, donde expresamos nuestro comprom

<!-- This site is optimized with the Yoast SEO plugin v27.2 - https://yoast.com/product/yoast-seo-wordpress/ -->
<title>Política de calidad - Basetis</title>
<meta name="description" content="Declaración de Basetis frente a todos su grupos de interés en que, desde la empresa, expresamos nuestro compromiso con el desarrollo de nuestra misión." />
<meta name="robots" content="noindex, nofollow" />
<meta property="og:locale" content="es_ES" />
<meta property="og:type" content="article" />
<meta property="og:title" content="Política de calidad - Basetis" />
<meta property="og:description" content="Declaración de Basetis frente a todos su grupos de interés en que, desde la empresa, expresamos nuestro compromiso con el desarrollo de nuestra misión." />
<meta property="og:url" content="https://www.basetis.com/es/politica-de-calidad/" />
<meta property="og:site_name" content="Basetis" />
<meta property="article:publisher" content="https://www.facebook.com/BasetisBCN/" />
<meta property="article:modified_time" content="2024-04-03T14:26:30+00:00" />
<meta name="twitter:card" content="summary_large_image" />
<meta name="twitter:site" content="@Basetis" />
<meta name="twitter:label1" content="Tiempo de lectura" />
	<meta name="twitter:data1" content="2 minutos" />
<script type="application/ld+json" class="yoast-schema-graph">{"@context":"https://schema.org","@graph":[{"@type":"WebPage","@id":"https://www.basetis.com/es/politica-de-calidad/","url":"https://www.basetis.com/es/politica-de-calidad/","name":"Política de calidad - Basetis","isPartOf":{"@id":"https://www.basetis.com/#website"},"datePublished":"2018-09-06T10:24:54+00:00","dateModified":"2024-04-03T14:26:30+00:00","description":"Declaración de Basetis frente a todos su grupos de interés en que, desde la empresa, expresamos nuestro compromiso con el desarrollo de nuestra misión.","inLanguage":"es","potentialAction":[{"@type":"ReadAction","target":["https://www.basetis.com/es/politica-de-calidad/"]}]},{"@type":"WebSite","@id":"https://www.basetis.com/#website","url":"https://www.basetis.com/","name":"Basetis","description":"Un equipo de personas comprometidas que realizamos servicios tecnológicos y de consultoría.","publisher":{"@id":"https://www.basetis.com/#organization"},"potentialAction":[{"@type":"SearchAction","target":{"@type":"EntryPoint","urlTemplate":"https://www.basetis.com/?s={search_term_string}"},"query-input":{"@type":"PropertyValueSpecification","valueRequired":true,"valueName":"search_term_string"}}],"inLanguage":"es"},{"@type":"Organization","@id":"https://www.basetis.com/#organization","name":"Basetis","url":"https://www.basetis.com/","logo":{"@type":"ImageObject","inLanguage":"es","@id":"https://www.basetis.com/#/schema/logo/image/","url":"https://www.basetis.com/wp-content/uploads/2018/11/Basetis_Logotipo.svg","contentUrl":"https://www.basetis.com/wp-content/uploads/2018/11/Basetis_Logotipo.svg","caption":"Basetis"},"image":{"@id":"https://www.basetis.com/#/schema/logo/image/"},"sameAs":["https://www.facebook.com/BasetisBCN/","https://x.com/Basetis","https://www.linkedin.com/company/basetis","https://www.instagram.com/basetisbcn/","https://www.youtube.com/@basetisBCN"]}]}</script>
<!-- / Yoast SEO plugin. -->

Política de calidad - Basetis

Declaración de Basetis frente a todos su grupos de interés en que, desde la empresa, expresamos nuestro compromiso con el desarrollo de nuestra misión.

Un equipo de personas comprometidas que realizamos servicios tecnológicos y de consultoría.
