{"id":9958,"date":"2024-10-10T13:14:07","date_gmt":"2024-10-10T11:14:07","guid":{"rendered":"https:\/\/www.basetis.com\/?page_id=9958"},"modified":"2025-07-24T11:58:07","modified_gmt":"2025-07-24T09:58:07","slug":"premio-merce-sala-2024","status":"publish","type":"page","link":"https:\/\/www.basetis.com\/es\/reconocimientos\/premio-merce-sala-2024\/","title":{"rendered":"Premio Merc\u00e8 Sala 2024"},"content":{"rendered":"","protected":false},"excerpt":{"rendered":"","protected":false},"author":3,"featured_media":0,"parent":6430,"menu_order":0,"comment_status":"closed","ping_status":"closed","template":"","meta":{"_acf_changed":false,"inline_featured_image":false,"footnotes":""},"class_list":["post-9958","page","type-page","status-publish","format-standard","hentry"],"acf":[],"yoast_head":"<!-- This site is optimized with the Yoast SEO plugin v27.2 - https:\/\/yoast.com\/product\/yoast-seo-wordpress\/ -->\n<title>Premio Merc\u00e8 Sala 2024 - Basetis<\/title>\n<meta name=\"description\" content=\"Recibimos de la mano de la Fundaci\u00f3 Factor Hum\u00e0 el Premio Merc\u00e8 Sala 2024: Mirada humana, Innovaci\u00f3n y Visi\u00f3n global\" \/>\n<meta name=\"robots\" content=\"index, follow, max-snippet:-1, max-image-preview:large, max-video-preview:-1\" \/>\n<link rel=\"canonical\" href=\"https:\/\/www.basetis.com\/es\/reconocimientos\/premio-merce-sala-2024\/\" \/>\n<meta property=\"og:locale\" content=\"es_ES\" \/>\n<meta property=\"og:type\" content=\"article\" \/>\n<meta property=\"og:title\" content=\"Premio Merc\u00e8 Sala 2024 - Basetis\" \/>\n<meta property=\"og:description\" content=\"Recibimos de la mano de la Fundaci\u00f3 Factor Hum\u00e0 el Premio Merc\u00e8 Sala 2024: Mirada humana, Innovaci\u00f3n y Visi\u00f3n global\" \/>\n<meta property=\"og:url\" content=\"https:\/\/www.basetis.com\/es\/reconocimientos\/premio-merce-sala-2024\/\" \/>\n<meta property=\"og:site_name\" content=\"Basetis\" \/>\n<meta property=\"article:publisher\" content=\"https:\/\/www.facebook.com\/BasetisBCN\/\" \/>\n<meta property=\"article:modified_time\" content=\"2025-07-24T09:58:07+00:00\" \/>\n<meta property=\"og:image\" content=\"https:\/\/www.basetis.com\/wp-content\/uploads\/2024\/10\/53799973370_e97dfedab6_o.jpg\" \/>\n\t<meta property=\"og:image:width\" content=\"1280\" \/>\n\t<meta property=\"og:image:height\" content=\"831\" \/>\n\t<meta property=\"og:image:type\" content=\"image\/jpeg\" \/>\n<meta name=\"twitter:card\" content=\"summary_large_image\" \/>\n<meta name=\"twitter:title\" content=\"Premio Merc\u00e8 Sala 2024 - Basetis\" \/>\n<meta name=\"twitter:description\" content=\"Recibimos de la mano de la Fundaci\u00f3 Factor Hum\u00e0 el Premio Merc\u00e8 Sala 2024: Mirada humana, Innovaci\u00f3n y Visi\u00f3n global\" \/>\n<meta name=\"twitter:image\" content=\"https:\/\/www.basetis.com\/wp-content\/uploads\/2024\/10\/53799973370_e97dfedab6_o.jpg\" \/>\n<meta name=\"twitter:site\" content=\"@Basetis\" \/>\n<script type=\"application\/ld+json\" class=\"yoast-schema-graph\">{\"@context\":\"https:\/\/schema.org\",\"@graph\":[{\"@type\":\"WebPage\",\"@id\":\"https:\/\/www.basetis.com\/es\/reconocimientos\/premio-merce-sala-2024\/\",\"url\":\"https:\/\/www.basetis.com\/es\/reconocimientos\/premio-merce-sala-2024\/\",\"name\":\"Premio Merc\u00e8 Sala 2024 - Basetis\",\"isPartOf\":{\"@id\":\"https:\/\/www.basetis.com\/#website\"},\"datePublished\":\"2024-10-10T11:14:07+00:00\",\"dateModified\":\"2025-07-24T09:58:07+00:00\",\"description\":\"Recibimos de la mano de la Fundaci\u00f3 Factor Hum\u00e0 el Premio Merc\u00e8 Sala 2024: Mirada humana, Innovaci\u00f3n y Visi\u00f3n global\",\"breadcrumb\":{\"@id\":\"https:\/\/www.basetis.com\/es\/reconocimientos\/premio-merce-sala-2024\/#breadcrumb\"},\"inLanguage\":\"es\",\"potentialAction\":[{\"@type\":\"ReadAction\",\"target\":[\"https:\/\/www.basetis.com\/es\/reconocimientos\/premio-merce-sala-2024\/\"]}]},{\"@type\":\"BreadcrumbList\",\"@id\":\"https:\/\/www.basetis.com\/es\/reconocimientos\/premio-merce-sala-2024\/#breadcrumb\",\"itemListElement\":[{\"@type\":\"ListItem\",\"position\":1,\"name\":\"Reconocimientos\",\"item\":\"https:\/\/www.basetis.com\/es\/reconocimientos\/\"},{\"@type\":\"ListItem\",\"position\":2,\"name\":\"Premio Merc\u00e8 Sala 2024\"}]},{\"@type\":\"WebSite\",\"@id\":\"https:\/\/www.basetis.com\/#website\",\"url\":\"https:\/\/www.basetis.com\/\",\"name\":\"Basetis\",\"description\":\"Un equipo de personas comprometidas que realizamos servicios tecnol\u00f3gicos y de consultor\u00eda.\",\"publisher\":{\"@id\":\"https:\/\/www.basetis.com\/#organization\"},\"potentialAction\":[{\"@type\":\"SearchAction\",\"target\":{\"@type\":\"EntryPoint\",\"urlTemplate\":\"https:\/\/www.basetis.com\/?s={search_term_string}\"},\"query-input\":{\"@type\":\"PropertyValueSpecification\",\"valueRequired\":true,\"valueName\":\"search_term_string\"}}],\"inLanguage\":\"es\"},{\"@type\":\"Organization\",\"@id\":\"https:\/\/www.basetis.com\/#organization\",\"name\":\"Basetis\",\"url\":\"https:\/\/www.basetis.com\/\",\"logo\":{\"@type\":\"ImageObject\",\"inLanguage\":\"es\",\"@id\":\"https:\/\/www.basetis.com\/#\/schema\/logo\/image\/\",\"url\":\"https:\/\/www.basetis.com\/wp-content\/uploads\/2018\/11\/Basetis_Logotipo.svg\",\"contentUrl\":\"https:\/\/www.basetis.com\/wp-content\/uploads\/2018\/11\/Basetis_Logotipo.svg\",\"caption\":\"Basetis\"},\"image\":{\"@id\":\"https:\/\/www.basetis.com\/#\/schema\/logo\/image\/\"},\"sameAs\":[\"https:\/\/www.facebook.com\/BasetisBCN\/\",\"https:\/\/x.com\/Basetis\",\"https:\/\/www.linkedin.com\/company\/basetis\",\"https:\/\/www.instagram.com\/basetisbcn\/\",\"https:\/\/www.youtube.com\/@basetisBCN\"]}]}<\/script>\n<!-- \/ Yoast SEO plugin. -->","yoast_head_json":{"title":"Premio Merc\u00e8 Sala 2024 - Basetis","description":"Recibimos de la mano de la Fundaci\u00f3 Factor Hum\u00e0 el Premio Merc\u00e8 Sala 2024: Mirada humana, Innovaci\u00f3n y Visi\u00f3n global","robots":{"index":"index","follow":"follow","max-snippet":"max-snippet:-1","max-image-preview":"max-image-preview:large","max-video-preview":"max-video-preview:-1"},"canonical":"https:\/\/www.basetis.com\/es\/reconocimientos\/premio-merce-sala-2024\/","og_locale":"es_ES","og_type":"article","og_title":"Premio Merc\u00e8 Sala 2024 - Basetis","og_description":"Recibimos de la mano de la Fundaci\u00f3 Factor Hum\u00e0 el Premio Merc\u00e8 Sala 2024: Mirada humana, Innovaci\u00f3n y Visi\u00f3n global","og_url":"https:\/\/www.basetis.com\/es\/reconocimientos\/premio-merce-sala-2024\/","og_site_name":"Basetis","article_publisher":"https:\/\/www.facebook.com\/BasetisBCN\/","article_modified_time":"2025-07-24T09:58:07+00:00","og_image":[{"width":1280,"height":831,"url":"https:\/\/www.basetis.com\/wp-content\/uploads\/2024\/10\/53799973370_e97dfedab6_o.jpg","type":"image\/jpeg"}],"twitter_card":"summary_large_image","twitter_title":"Premio Merc\u00e8 Sala 2024 - Basetis","twitter_description":"Recibimos de la mano de la Fundaci\u00f3 Factor Hum\u00e0 el Premio Merc\u00e8 Sala 2024: Mirada humana, Innovaci\u00f3n y Visi\u00f3n global","twitter_image":"https:\/\/www.basetis.com\/wp-content\/uploads\/2024\/10\/53799973370_e97dfedab6_o.jpg","twitter_site":"@Basetis","schema":{"@context":"https:\/\/schema.org","@graph":[{"@type":"WebPage","@id":"https:\/\/www.basetis.com\/es\/reconocimientos\/premio-merce-sala-2024\/","url":"https:\/\/www.basetis.com\/es\/reconocimientos\/premio-merce-sala-2024\/","name":"Premio Merc\u00e8 Sala 2024 - Basetis","isPartOf":{"@id":"https:\/\/www.basetis.com\/#website"},"datePublished":"2024-10-10T11:14:07+00:00","dateModified":"2025-07-24T09:58:07+00:00","description":"Recibimos de la mano de la Fundaci\u00f3 Factor Hum\u00e0 el Premio Merc\u00e8 Sala 2024: Mirada humana, Innovaci\u00f3n y Visi\u00f3n global","breadcrumb":{"@id":"https:\/\/www.basetis.com\/es\/reconocimientos\/premio-merce-sala-2024\/#breadcrumb"},"inLanguage":"es","potentialAction":[{"@type":"ReadAction","target":["https:\/\/www.basetis.com\/es\/reconocimientos\/premio-merce-sala-2024\/"]}]},{"@type":"BreadcrumbList","@id":"https:\/\/www.basetis.com\/es\/reconocimientos\/premio-merce-sala-2024\/#breadcrumb","itemListElement":[{"@type":"ListItem","position":1,"name":"Reconocimientos","item":"https:\/\/www.basetis.com\/es\/reconocimientos\/"},{"@type":"ListItem","position":2,"name":"Premio Merc\u00e8 Sala 2024"}]},{"@type":"WebSite","@id":"https:\/\/www.basetis.com\/#website","url":"https:\/\/www.basetis.com\/","name":"Basetis","description":"Un equipo de personas comprometidas que realizamos servicios tecnol\u00f3gicos y de consultor\u00eda.","publisher":{"@id":"https:\/\/www.basetis.com\/#organization"},"potentialAction":[{"@type":"SearchAction","target":{"@type":"EntryPoint","urlTemplate":"https:\/\/www.basetis.com\/?s={search_term_string}"},"query-input":{"@type":"PropertyValueSpecification","valueRequired":true,"valueName":"search_term_string"}}],"inLanguage":"es"},{"@type":"Organization","@id":"https:\/\/www.basetis.com\/#organization","name":"Basetis","url":"https:\/\/www.basetis.com\/","logo":{"@type":"ImageObject","inLanguage":"es","@id":"https:\/\/www.basetis.com\/#\/schema\/logo\/image\/","url":"https:\/\/www.basetis.com\/wp-content\/uploads\/2018\/11\/Basetis_Logotipo.svg","contentUrl":"https:\/\/www.basetis.com\/wp-content\/uploads\/2018\/11\/Basetis_Logotipo.svg","caption":"Basetis"},"image":{"@id":"https:\/\/www.basetis.com\/#\/schema\/logo\/image\/"},"sameAs":["https:\/\/www.facebook.com\/BasetisBCN\/","https:\/\/x.com\/Basetis","https:\/\/www.linkedin.com\/company\/basetis","https:\/\/www.instagram.com\/basetisbcn\/","https:\/\/www.youtube.com\/@basetisBCN"]}]}},"_links":{"self":[{"href":"https:\/\/www.basetis.com\/es\/wp-json\/wp\/v2\/pages\/9958","targetHints":{"allow":["GET"]}}],"collection":[{"href":"https:\/\/www.basetis.com\/es\/wp-json\/wp\/v2\/pages"}],"about":[{"href":"https:\/\/www.basetis.com\/es\/wp-json\/wp\/v2\/types\/page"}],"author":[{"embeddable":true,"href":"https:\/\/www.basetis.com\/es\/wp-json\/wp\/v2\/users\/3"}],"replies":[{"embeddable":true,"href":"https:\/\/www.basetis.com\/es\/wp-json\/wp\/v2\/comments?post=9958"}],"version-history":[{"count":5,"href":"https:\/\/www.basetis.com\/es\/wp-json\/wp\/v2\/pages\/9958\/revisions"}],"predecessor-version":[{"id":11769,"href":"https:\/\/www.basetis.com\/es\/wp-json\/wp\/v2\/pages\/9958\/revisions\/11769"}],"up":[{"embeddable":true,"href":"https:\/\/www.basetis.com\/es\/wp-json\/wp\/v2\/pages\/6430"}],"wp:attachment":[{"href":"https:\/\/www.basetis.com\/es\/wp-json\/wp\/v2\/media?parent=9958"}],"curies":[{"name":"wp","href":"https:\/\/api.w.org\/{rel}","templated":true}]}}

Premio Mercè Sala 2024

<!-- This site is optimized with the Yoast SEO plugin v27.2 - https://yoast.com/product/yoast-seo-wordpress/ -->
<title>Premio Mercè Sala 2024 - Basetis</title>
<meta name="description" content="Recibimos de la mano de la Fundació Factor Humà el Premio Mercè Sala 2024: Mirada humana, Innovación y Visión global" />
<meta name="robots" content="index, follow, max-snippet:-1, max-image-preview:large, max-video-preview:-1" />
<link rel="canonical" href="https://www.basetis.com/es/reconocimientos/premio-merce-sala-2024/" />
<meta property="og:locale" content="es_ES" />
<meta property="og:type" content="article" />
<meta property="og:title" content="Premio Mercè Sala 2024 - Basetis" />
<meta property="og:description" content="Recibimos de la mano de la Fundació Factor Humà el Premio Mercè Sala 2024: Mirada humana, Innovación y Visión global" />
<meta property="og:url" content="https://www.basetis.com/es/reconocimientos/premio-merce-sala-2024/" />
<meta property="og:site_name" content="Basetis" />
<meta property="article:publisher" content="https://www.facebook.com/BasetisBCN/" />
<meta property="article:modified_time" content="2025-07-24T09:58:07+00:00" />
<meta property="og:image" content="https://www.basetis.com/wp-content/uploads/2024/10/53799973370_e97dfedab6_o.jpg" />
	<meta property="og:image:width" content="1280" />
	<meta property="og:image:height" content="831" />
	<meta property="og:image:type" content="image/jpeg" />
<meta name="twitter:card" content="summary_large_image" />
<meta name="twitter:title" content="Premio Mercè Sala 2024 - Basetis" />
<meta name="twitter:description" content="Recibimos de la mano de la Fundació Factor Humà el Premio Mercè Sala 2024: Mirada humana, Innovación y Visión global" />
<meta name="twitter:image" content="https://www.basetis.com/wp-content/uploads/2024/10/53799973370_e97dfedab6_o.jpg" />
<meta name="twitter:site" content="@Basetis" />
<script type="application/ld+json" class="yoast-schema-graph">{"@context":"https://schema.org","@graph":[{"@type":"WebPage","@id":"https://www.basetis.com/es/reconocimientos/premio-merce-sala-2024/","url":"https://www.basetis.com/es/reconocimientos/premio-merce-sala-2024/","name":"Premio Mercè Sala 2024 - Basetis","isPartOf":{"@id":"https://www.basetis.com/#website"},"datePublished":"2024-10-10T11:14:07+00:00","dateModified":"2025-07-24T09:58:07+00:00","description":"Recibimos de la mano de la Fundació Factor Humà el Premio Mercè Sala 2024: Mirada humana, Innovación y Visión global","breadcrumb":{"@id":"https://www.basetis.com/es/reconocimientos/premio-merce-sala-2024/#breadcrumb"},"inLanguage":"es","potentialAction":[{"@type":"ReadAction","target":["https://www.basetis.com/es/reconocimientos/premio-merce-sala-2024/"]}]},{"@type":"BreadcrumbList","@id":"https://www.basetis.com/es/reconocimientos/premio-merce-sala-2024/#breadcrumb","itemListElement":[{"@type":"ListItem","position":1,"name":"Reconocimientos","item":"https://www.basetis.com/es/reconocimientos/"},{"@type":"ListItem","position":2,"name":"Premio Mercè Sala 2024"}]},{"@type":"WebSite","@id":"https://www.basetis.com/#website","url":"https://www.basetis.com/","name":"Basetis","description":"Un equipo de personas comprometidas que realizamos servicios tecnológicos y de consultoría.","publisher":{"@id":"https://www.basetis.com/#organization"},"potentialAction":[{"@type":"SearchAction","target":{"@type":"EntryPoint","urlTemplate":"https://www.basetis.com/?s={search_term_string}"},"query-input":{"@type":"PropertyValueSpecification","valueRequired":true,"valueName":"search_term_string"}}],"inLanguage":"es"},{"@type":"Organization","@id":"https://www.basetis.com/#organization","name":"Basetis","url":"https://www.basetis.com/","logo":{"@type":"ImageObject","inLanguage":"es","@id":"https://www.basetis.com/#/schema/logo/image/","url":"https://www.basetis.com/wp-content/uploads/2018/11/Basetis_Logotipo.svg","contentUrl":"https://www.basetis.com/wp-content/uploads/2018/11/Basetis_Logotipo.svg","caption":"Basetis"},"image":{"@id":"https://www.basetis.com/#/schema/logo/image/"},"sameAs":["https://www.facebook.com/BasetisBCN/","https://x.com/Basetis","https://www.linkedin.com/company/basetis","https://www.instagram.com/basetisbcn/","https://www.youtube.com/@basetisBCN"]}]}</script>
<!-- / Yoast SEO plugin. -->

Premio Mercè Sala 2024 - Basetis

Recibimos de la mano de la Fundació Factor Humà el Premio Mercè Sala 2024: Mirada humana, Innovación y Visión global

Un equipo de personas comprometidas que realizamos servicios tecnológicos y de consultoría.
